
2
Suppose -4*k - 179 = 2*z - 59, 0 = -z - 3*k - 63. Let n = z + 88. What is the tens digit of n?
3
Let g(s) = -s**2 - 7*s - 1. Let q be g(-4). Suppose q*n = 12*n - 2. Suppose m - 74 = -n*m - 4*b, 5*b + 65 = 5*m. What is the tens digit of m?
1
Let q(a) = -a**2 - 4*a - 6. Let u be q(-2). Let v be ((-11)/(-22))/(u/(-4)). Let n(w) = 44*w**2 - w + 1. What is the tens digit of n(v)?
4
Let x = -155 - -143. Let q(u) = u**3 + 13*u**2 + 6*u - 2. Let y(p) = 2*p**3 + 26*p**2 + 13*p - 3. Let z(w) = -7*q(w) + 4*y(w). What is the tens digit of z(x)?
2
Suppose -f = -z + 1 + 3, 2*z = -4*f + 2. Suppose 0 = -z*m - 5*m + 128. What is the units digit of m?
6
Suppose -2*n + u + 4400 = 0, 3*n - 4*u = -3*u + 6599. What is the thousands digit of n?
2
Let s(o) = o**2 - 2*o + 2. Let x be s(0). Let p be (2 - 7/x)*-2. What is the units digit of 33/11*5/p?
5
Let b = 1352 - 918. What is the units digit of b/6 + 1/(-3)?
2
Let i(n) = 14*n + 483. What is the thousands digit of i(37)?
1
Let u = -10 + 9. What is the tens digit of (-2 - u) + 124/(4 - 2)?
6
Let k(l) = 8*l - 4 - 10*l + 2 + 3*l**2 - 2*l**2. Let w be (2/6)/(2/42). What is the tens digit of k(w)?
3
Let q = 25 - 36. Let i(b) = -b**2 - 2*b + 6. Let h be i(-7). Let m = q - h. What is the units digit of m?
8
What is the tens digit of 15786/4*(5 - (-104)/(-24))?
3
Suppose -4*n = -9*n. Suppose n = -4*d + 3 + 101. Let p = d - 8. What is the units digit of p?
8
Let c(n) = -417*n**3 - n**2 - 6*n - 4. What is the tens digit of c(-1)?
1
Let w = 78 - 66. What is the tens digit of 5*41 - (w - 16)?
0
Let d = 597 - 313. Suppose -d = -3*j + 100. What is the tens digit of j?
2
Let c be (2 - 12/8)*156. Let p = -17 + c. What is the tens digit of p?
6
Let g(m) = 3*m**2 + 15*m + 4. Let b be g(-5). Suppose 0 = b*x - 480 + 76. What is the hundreds digit of x?
1
Let g = 56 + -51. Suppose -4*p = 4*v - 87 - 277, -449 = -g*v + p. What is the units digit of v?
0
Suppose 0 = 2*f + 4*h - 8, 0 = 3*f + 3*h - 6. Suppose -5*m + 10 = -f. Let a = -1 + m. What is the units digit of a?
1
Let y(s) = -4 + s**2 + 4 - 3*s**2 + s + 7*s**3. Let m = -4 - -5. What is the units digit of y(m)?
6
Suppose -7392 = -8*y - 4*y. Suppose -4*w + 292 + y = 0. What is the units digit of w?
7
Let v be ((-9)/(-6) - (-6)/(-4)) + 45. Suppose 307 - v = 2*k. What is the hundreds digit of k?
1
Let y = 34 + -29. Let m(i) = 11*i + 13. What is the tens digit of m(y)?
6
Suppose 23 = 4*s + 7. Suppose 5*v - 5*u = -0*u + 20, s*u = 2*v - 10. Suppose -4*c + 3*t + 22 + 48 = 0, -v*t - 22 = -c. What is the tens digit of c?
1
Let h(t) = 2*t**2 - 51*t + 70. Let a be h(24). Let o(v) = -2*v**3 - 3 - 3*v**3 + 1 + v**2. What is the tens digit of o(a)?
4
Let g be 281*2*(-27)/54. Let x = -194 - g. What is the tens digit of x?
8
Let k = -53 + 87. What is the units digit of k?
4
Let f be -2*18/(-3)*-18. Let b = 315 + f. What is the units digit of b?
9
Let v(a) = a**2 + a - 4. Let h(m) = 2*m**2 + 6*m. Let f be h(-4). Let t be v(f). Suppose r = -r + t. What is the tens digit of r?
3
Suppose 2*x + 14*x = 82912. What is the thousands digit of x?
5
Let s be ((-1)/3)/(10/(-60)). Suppose s*i - 220 = -0*i + 2*g, -g - 4 = 0. What is the units digit of i?
6
What is the tens digit of (-928)/(-6)*(-9)/(-6)?
3
Let g(n) = 552*n + 52. What is the tens digit of g(2)?
5
Let f(i) = 4*i + 485. What is the tens digit of f(53)?
9
Suppose -5*f + 3*f = 8. Let i(g) = -4*g + 2. Let p be i(f). Suppose 2*w - 4*w = -p. What is the units digit of w?
9
Suppose -6*t = -t + 325. What is the tens digit of ((-241)/(-5) - (-13)/t) + 1?
4
Suppose -m + 202 = -r - 344, -2204 = -4*m - r. What is the tens digit of m?
5
Let q be (-5)/(-5) - (1 - -1). Let j be -2*27/(-6) - 1. What is the units digit of (q - (-54)/j)*4?
3
What is the units digit of 4/5 - (-17640)/200?
9
Suppose 4*f - 2*p + 206 = -0*p, -4*f = p + 203. Suppose -h + t - 6*t - 4 = 0, 5*t - 25 = 0. Let b = h - f. What is the units digit of b?
2
Let v(a) = a**3 + 19*a**2 + 17*a - 1. What is the hundreds digit of v(-13)?
7
Suppose 2*n = 3*x + 2340, 32*x - 2344 = -2*n + 36*x. What is the units digit of n?
4
Let x be (-1 - 1)*(1 - 2). Suppose -36 - 8 = -x*f. What is the tens digit of f?
2
Let d = -513 + 215. Let t = d - -422. What is the hundreds digit of t?
1
Suppose 3*s = 3*k + 72, -2*s + 3*k = -s - 22. Let f = s + -10. Suppose 2*r - j - 4*j - f = 0, 0 = 4*j - 4. What is the units digit of r?
0
Let j(c) = -109*c**2 + 1. Let q be j(1). Let y(l) = 21*l + 286. Let t be y(-6). Let x = t + q. What is the units digit of x?
2
Let k = 37 - 35. Suppose -k*r + 54 = -r. Suppose -2*d + 28 = -r. What is the units digit of d?
1
Let f(v) be the third derivative of v**6/120 + v**5/60 - v**4/8 - v**3/6 - 8*v**2. What is the tens digit of f(4)?
6
Suppose -2*l - 12 = l. Let k(i) = 7*i + 5. Let w be k(l). Let s = w + 41. What is the units digit of s?
8
What is the units digit of (-2 - 70/(-6))*1512/28?
2
Suppose -4*h = 5*i - 844 - 353, -2*h = 5*i - 1191. What is the tens digit of i?
3
Suppose -x + 1 = -3. Suppose 2*a - x = 22. Let n = 15 + a. What is the tens digit of n?
2
Suppose 5*l - 21 = h, 5*h + 0*l = -3*l + 35. Suppose 214 = h*u + 10. What is the tens digit of u?
5
Let n(i) = -i**3 + 9*i**2 + 29*i - 21. Let j be n(11). Suppose -3*p - j = -632. What is the hundreds digit of p?
1
Let d(s) = s**3 - 7*s**2 - 2*s + 2. Let z be d(8). Let f be (-20)/(7/((-42)/4)). Let q = z - f. What is the tens digit of q?
2
Let g = -154 - -172. What is the tens digit of g?
1
Let q = 23 + -73. Let v = q - -149. What is the units digit of v?
9
Let o(u) = 3*u + 7. Let t(i) = 3*i + 7. Let w(h) = -6*o(h) + 5*t(h). Let s be w(-4). Suppose 2*m - 16 + 6 = 0, -2*b = -s*m - 45. What is the tens digit of b?
3
Let d(i) = 313*i**2 + 4*i - 5. What is the thousands digit of d(2)?
1
Let v(k) = k**2 + k - 13. Let n be v(-5). Suppose 23 = n*z - 1391. What is the hundreds digit of z?
2
Suppose 53813 = -21*f + 153773. What is the tens digit of f?
6
Let n = 124 - 79. Let i = -2 + 6. Suppose n = o + i*o. What is the units digit of o?
9
Suppose -3*o + 2423 = x, 2*o - 2*x = 2*x + 1606. What is the tens digit of o?
0
Let x be (6/4)/(1/2). Suppose 26*b - 548 = 362. Suppose -b = -x*a + 58. What is the units digit of a?
1
Suppose -3*y + 27 = -3*b, 2*y = -0*b + b + 14. Suppose a + a + 10 = 0, -a + 105 = y*o. What is the tens digit of o?
2
Let i(m) = m**3 - m + 25. Let x be i(0). Suppose -6*k + 83 = -x. What is the units digit of k?
8
Suppose -30*v + 32*v - 144 = 0. What is the tens digit of v?
7
Let z be (4 - 13/3)*-9. Suppose -u = -3*s - 49, u - 4*s + 138 = z*u. What is the tens digit of u?
6
Let w = 13 + -17. Let s = w - -3. What is the tens digit of (-1 - (s - 31))/1?
3
Let h = 23 + -21. Suppose -o = -3*w - 48, 2*w = -o - h*w + 55. What is the tens digit of o?
5
Suppose k - 5*k = 0. Let z = 367 - 268. Suppose k = -2*t - t + z. What is the units digit of t?
3
Suppose -25*u - 482 = -8807. What is the hundreds digit of u?
3
Let z(p) = 51*p + 249. What is the thousands digit of z(25)?
1
Let c(b) = -b**3 + 21*b**2 + 36*b + 41. What is the tens digit of c(21)?
9
Let y = -138 - -229. Suppose -3*g - y = -d, 97 = -2*d - 2*g + 247. What is the tens digit of d?
7
Suppose 0 = 4*k - 4*u + 7*u - 48, 0 = 4*k + 5*u - 40. Suppose -a = -k - 22. What is the units digit of a?
7
What is the hundreds digit of (-84213)/(-99) - (-20)/55?
8
Let a(d) = 2*d**2 + d + 3. Let n(u) = u**3 + 4*u**2 - 6*u + 2. Let g be n(-5). Suppose 2*m = -5*i - 19, -3*i - 19 + g = m. What is the units digit of a(m)?
4
Suppose -3*p = 4*b - 1258 - 931, -b = 2*p - 551. What is the hundreds digit of b?
5
Let b = -486 - -721. Suppose 4*i = q + 245, q - b = -4*i - 0*q. What is the tens digit of i?
6
Let x be 2/(2*(-4)/232). Let u = 2 - x. What is the units digit of u?
0
Suppose 2*u = -s - 2 + 6, 0 = -4*s + 4*u + 4. Suppose 2*w = 4 - 0. What is the units digit of (w/4)/(s/16)?
4
Let h(m) = -3*m - 18. What is the units digit of h(-9)?
9
Let i be -13 + 1 + 4/1. Let g(r) = -2*r + 7. What is the tens digit of g(i)?
2
Suppose 0 = 4*b - 3*r - 25, b + 3*r + 17 = 3*b. Suppose 2*f = -5*l + 260, b*f - 704 + 232 = 2*l. What is the tens digit of f?
2
Suppose -x + 0*x + 2 = 4*j, -3*x - 5*j = 8. Let z be 76/18 - x/(-27). Suppose 4*l - 4*i - 96 = 0, -2*i = -z*l + 3*i + 94. What is the units digit of l?
6
Let 